0011110100111
In base 14, what is 3 - 161b61?
-161b5c
In base 2, what is 11101100000 + 1011101010?
101001001010
In base 15, what is 364 + -a?
359
In base 12, what is 1397 - -30?
1407
In base 12, what is -4 - -1b3a0?
1b398
In base 6, what is 11142 - 112?
11030
In base 6, what is 20140102 + -2?
20140100
In base 2, what is -110 + -1000111100111?
-1000111101101
In base 2, what is -101011001101100 - 10011011?
-101011100000111
In base 3, what is 11021210 - 212022?
10102111
In base 6, what is -5545 + -1303?
-11252
In base 9, what is 556 - 83?
463
In base 15, what is 2 + 130b7?
130b9
In base 8, what is -3 + 7325?
7322
In base 14, what is -c0 - 5955?
-5a35
In base 8, what is -2 - -31445?
31443
In base 2, what is 100010 - 1010101010000101?
-1010101001100011
In base 15, what is -8 - -5d37b?
5d373
In base 2, what is 110001101 + -1111111110?
-1001110001
In base 2, what is -1 + -101101010010000001110?
-101101010010000001111
In base 6, what is 14153 - 125?
14024
In base 11, what is -921436 - 5?
-921440
In base 10, what is -21 + -13439?
-13460
In base 2, what is -1000000000 - -110100?
-111001100
In base 6, what is 1 - -200122?
200123
In base 10, what is 13 - 70425?
-70412
In base 6, what is -22 - -3553041?
3553015
In base 8, what is -10 + -50320?
-50330
In base 4, what is 1331 - -2212?
10203
In base 12, what is 80 - bb?
-3b
In base 2, what is -10100 + -100111101101?
-101000000001
In base 12, what is -8 + 24b18?
24b10
In base 2, what is -1111011101 - 1001101?
-10000101010
In base 13, what is -407 + -101?
-508
In base 10, what is 2611 - 19?
2592
In base 9, what is -424378 - 2?
-424381
In base 5, what is -434 - 1104?
-2043
In base 10, what is 8278 + -9?
8269
In base 6, what is -2 + 53514?
53512
In base 6, what is -3 - 225500?
-225503
In base 6, what is 512 + -2022?
-1110
In base 13, what is 1185c + 2?
11861
In base 15, what is 261b + -a5?
2566
In base 11, what is 135 + 446?
580
In base 11, what is -146 + -199?
-334
In base 10, what is -2 - 31007?
-31009
In base 12, what is -11 + -2492?
-24a3
In base 11, what is -233 - -13?
-220
In base 3, what is -222112 + -22012?
-1021201
In base 15, what is -49c4b - 3?
-49c4e
In base 16, what is 1 - 55d2?
-55d1
In base 14, what is -274b6 - d?
-274c5
In base 6, what is -2003 + -1035?
-3042
In base 2, what is -1011010 + 10010111110?
10001100100
In base 16, what is -886 - 2e?
-8b4
In base 6, what is 101032 - 0?
101032
In base 15, what is -53 + 125e?
120b
In base 2, what is 10 - 10001010011011010011?
-10001010011011010001
In base 12, what is -14 + -17a0?
-17b4
In base 14, what is 1946 + -32?
1914
In base 9, what is -16 + 75720?
75703
In base 5, what is 0 - -1114440?
1114440
In base 13, what is 462 + 140?
5a2
In base 3, what is -21210112212 - -20?
-21210112122
In base 4, what is 2 - 1103000?
-1102332
In base 3, what is 10 - -2121020020?
2121020100
In base 7, what is 33 - -11664?
12030
In base 16, what is 643 - 3?
640
In base 12, what is -9 - 160a5a?
-160a67
In base 14, what is b567 + 3?
b56a
In base 9, what is -116 + -3272?
-3388
In base 10, what is 1 + 266845?
266846
In base 3, what is -200000111 + 1011?
-122222100
In base 8, what is 2076 + 220?
2316
In base 13, what is -2 + -15713?
-15715
In base 9, what is 5205 + 25?
5231
In base 5, what is -4 + 120313?
120304
In base 10, what is -13 - -4403?
4390
In base 10, what is -1771 + -462?
-2233
In base 9, what is -6833 + 110?
-6723
In base 5, what is 3 - 1200030?
-1200022
In base 13, what is -540 + 17?
-526
In base 16, what is 5 - 6e6b?
-6e66
In base 3, what is -2212200 + 210110?
-2002020
In base 6, what is 144 - 133?
11
In base 14, what is 201 - -76?
277
In base 2, what is 11 + 10101011011111?
10101011100010
In base 14, what is -89d + 2d?
-870
In base 5, what is 1 + -10112330?
-10112324
In base 15, what is -2724 - -19?
-270a
In base 14, what is 1 + -a29?
-a28
In base 7, what is 3 + -6234155?
-6234152
In base 10, what is -1 + 13877?
13876
In base 8, what is -54071 + 34?
-54035
In base 8, what is -515 + 1735?
1220
In base 8, what is 2214 - 77?
2115
In base 7, what is 121 - 135600?
-135446
In base 12, what is -8a + 6793?
6705
In base 13, what is 80b28 + 1?
80b29
In base 10, what is 19 + 1897?
1916
In base 6, what is -5 - 232032?
-232041
In base 15, what is c6 + -13d?
-67
In base 7, what is 326 + -6563?
-6234
In base 2, what is -101 - -10110111001111?
10110111001010
In base 4, what is -22220223 + -302?
-22221131
In base 2, what is -110 + 10111010011?
10111001101
In base 8, what is -3561 - 103?
-3664
In base 5, what is -34 - -334312?
334223
In base 3, what is -12220 + 112021?
22101
In base 15, what is -2 - 938c?
-938e
In base 10, what is 613 + -81?
532
In base 16, what is -36ff - -3?
-36fc
In base 4, what is 32 + -2230012?
-2223320
In base 2, what is 1111100100100100000 + -101?
1111100100100011011
In base 16, what is 28e + -1b?
273
In base 16, what is d67c + d?
d689
In base 3, what is -11 - 1012012212?
-1012020000
In base 4, what is 10113232220 - -11?
10113232231
In base 5, what is -4 + 1222040?
1222031
In base 5, what is 0 + 1003201?
1003201
In base 15, what is 1 + 20162?
20163
In base 12, what is 156575a - 0?
156575a
In base 16, what is 18e0 - d4?
180c
In base 4, what is -2 - -2003013320?
2003013312
In base 4, what is -20300 - -2333?
-11301
In base 5, what is 10 - -2133341?
2133401
In base 7, what is 3434 + 2406?
6143
In base 15, what is 76b4 - 108?
75ab
In base 3, what is -12 + -1001222000100?
-1001222000112
In base 6, what is 2 + -222154?
-222152
In base 2, what is 100110110010110100100 + 101?
100110110010110101001
In base 14, what is -9c83b6 + 3?
-9c83b3
In base 9, what is -138802 - -5?
-138786
In base 15, what is -3892a5 + 3?
-3892a2
In base 16, what is 189c3 + -3?
189c0
In base 4, what is -10 - 2220022?
-2220032
In base 5, what is 3414011 - -4?
3414020
In base 2, what is -1001011 + -1000110100?
-1001111111
In base 9, what is -128 - 13830?
-14058
In base 13, what is -1 + -4ba3?
-4ba4
In base 16, what is d5c7c - 0?
d5c7c
In base 8, what is 124 - 177?
-53
In base 9, what is -1 - -577125?
577124
In base 12, what is 1 - 30a6?
-30a5
In base 9, what is -2047 - 481?
-2538
In base 3, what is -100100021 - -22220?
-100000101
In base 12, what is -30b - 11?
-320
In base 7, what is -241 - 512?
-1053
In base 2, what is 1100000111 - 11010101010?
-1110100011
In base 8, what is -75126 + -3?
-75131
In base 2, what is -1000111001011001111001 - -1?
-1000111001011001111000
In base 12, what is 960 + 944?
16a4
In base 2, what is -111 + 10001111011101010?
10001111011100011
In base 15, what is -d640 - 30?
-d670
In base 12, what is -8 + -80175?
-80181
In base 8, what is 1375433 - -5?
1375440
In base 11, what is -1a7191 - a?
-1a71a0
In base 16, what is b + -62?
-57
In base 8, what is 5234 - -7?
5243
In base 15, what is -3db + 3d?
-39d
In base 13, what is 1 - 5790?
-578c
In base 14, what is 0 - -11091c?
11091c
In base 13, what is 0 + 1341?
1341
In base 11, what is 1a + 602?
621
In base 11, what is -27a58 + 3?
-27a55
In base 12, what is -568 - -515?
-53
In base 12, what is 36 + 3a9?
423
In base 9, what is -21753 + -76?
-21840
In base 3, what is -1020122020 + 1?
-1020122012
In base 16, what is -1597 - -7?
-1590
In base 2, what is -1 - 100100001001?
-100100001010
In base 14, what is 101 - -53?
154
In base 15, what is -b4 - -2ae2?
2a2d
In base 13, what is -9 + -96385?
-96391
In base 6, what is -250210 - 21?
-250231
In base 2, what is -1001101000101 + 1010?
-1001100111011
In base 15, what is c17b + -5?
c176
In base 4, what is -11123 - -12030?
301
In base 13, what is 984 - -217?
b9b
In base 11, what is -1 - 1a92?
-1a93
In base 14, what is -a + 1b23?
1b17
In base 15, what is -2cc - -7?
-2c5
In base 10, what is 5 + 421243?
421248
In base 14, what is -141 - 158?
-299
In base 10, what is -1957 + -7?
-1964
In base 12, what is 32 - 432?
-400
In base 6, what is 1245233 - -4?
1245241
In base 11, what is -44 - -762?
719
In base 12, what is -103 + 1b2?
ab
In base 15, what is -8c774 + 1?
-8c773
In base 4, what is 32233 - -312?
33211
In base 6, what is 32 + 401052?
401124
In base 6, what is -3 + -15421530?
-15421533
In base 9, what is 11867 + 1?
11868
In base 9, what is 40 + 642?
682
In base 4, what is 11112010121 + -1?
11112010120
In base 7, what is 1 - 200123?
-200122
In base 5, what is -4 + 42444334?
42444330
In base 14, 